 5) in base 2?
-111101
10 (base 3) to base 14
3
What is -164 (base 14) in base 2?
-100011100
What is -100 (base 3) in base 14?
-9
-4 (base 15) to base 5
-4
What is 1 (base 6) in base 12?
1
What is 42 (base 12) in base 7?
101
Convert -1101010 (base 2) to base 8.
-152
Convert -1 (base 12) to base 14.
-1
What is 0 (base 2) in base 12?
0
Convert -176 (base 8) to base 14.
-90
-5 (base 9) to base 5
-10
Convert 0 (base 12) to base 7.
0
Convert 11 (base 7) to base 10.
8
Convert -450 (base 7) to base 16.
-e7
Convert -11 (base 7) to base 6.
-12
What is -a (base 15) in base 5?
-20
Convert 33 (base 16) to base 10.
51
What is 14 (base 8) in base 6?
20
Convert -3 (base 9) to base 15.
-3
What is 110110 (base 3) in base 16?
150
8 (base 10) to base 15
8
Convert 14 (base 6) to base 14.
a
0 (base 14) to base 11
0
-1110 (base 3) to base 15
-29
Convert -201 (base 3) to base 2.
-10011
Convert -1e (base 16) to base 14.
-22
What is -38 (base 9) in base 15?
-25
Convert -3 (base 12) to base 4.
-3
Convert 2 (base 8) to base 13.
2
Convert -1 (base 9) to base 8.
-1
-163 (base 9) to base 11
-116
Convert -72 (base 14) to base 4.
-1210
Convert -a4 (base 13) to base 5.
-1014
Convert -7 (base 10) to base 5.
-12
Convert -5c (base 16) to base 13.
-71
-1 (base 5) to base 4
-1
What is -b (base 13) in base 10?
-11
11 (base 5) to base 3
20
20 (base 8) to base 2
10000
Convert -101 (base 2) to base 4.
-11
0 (base 13) to base 9
0
What is 1001 (base 2) in base 6?
13
What is 8 (base 11) in base 14?
8
What is 0 (base 4) in base 9?
0
Convert -3 (base 16) to base 5.
-3
1000 (base 6) to base 11
187
What is b (base 13) in base 4?
23
What is 5 (base 14) in base 13?
5
Convert -15 (base 8) to base 15.
-d
23 (base 4) to base 13
b
Convert 14 (base 7) to base 6.
15
Convert 7 (base 14) to base 13.
7
-1001 (base 3) to base 10
-28
-110 (base 6) to base 16
-2a
What is 2 (base 7) in base 4?
2
-11 (base 2) to base 4
-3
What is 0 (base 6) in base 2?
0
Convert -253 (base 8) to base 6.
-443
What is 111 (base 3) in base 7?
16
What is -22 (base 4) in base 6?
-14
-88 (base 12) to base 2
-1101000
10022 (base 3) to base 10
89
-29 (base 14) to base 3
-1101
What is 0 (base 5) in base 7?
0
Convert 102 (base 5) to base 15.
1c
Convert 3 (base 5) to base 13.
3
What is -5 (base 8) in base 15?
-5
12 (base 11) to base 10
13
What is 56 (base 9) in base 15?
36
What is -4 (base 6) in base 11?
-4
Convert -1 (base 11) to base 12.
-1
0 (base 13) to base 6
0
Convert 50 (base 10) to base 4.
302
What is -63 (base 8) in base 10?
-51
-11111 (base 2) to base 8
-37
6 (base 14) to base 15
6
1 (base 7) to base 11
1
Convert 3 (base 9) to base 12.
3
What is -20 (base 3) in base 2?
-110
What is -30 (base 7) in base 6?
-33
What is -1 (base 7) in base 14?
-1
80 (base 12) to base 4
1200
-1 (base 3) to base 15
-1
What is -1231 (base 4) in base 11?
-9a
-36 (base 16) to base 15
-39
5 (base 10) to base 5
10
Convert -7 (base 13) to base 5.
-12
What is -520 (base 7) in base 3?
-100121
Convert 10010110 (base 2) to base 11.
127
4 (base 15) to base 2
100
Convert -2 (base 6) to base 16.
-2
-4 (base 14) to base 7
-4
What is 1a (base 12) in base 2?
10110
-22 (base 12) to base 5
-101
-20 (base 6) to base 16
-c
What is -10 (base 7) in base 14?
-7
What is -1 (base 9) in base 6?
-1
What is -14 (base 12) in base 14?
-12
What is -1 (base 4) in base 7?
-1
Convert 4 (base 7) to base 10.
4
Convert 0 (base 13) to base 15.
0
303 (base 4) to base 15
36
What is -4 (base 7) in base 8?
-4
Convert 1 (base 5) to base 9.
1
Convert -2a (base 12) to base 6.
-54
23 (base 14) to base 3
1011
What is 3 (base 8) in base 16?
3
0 (base 7) to base 16
0
-1 (base 7) to base 9
-1
2 (base 9) to base 2
10
-63 (base 9) to base 12
-49
d (base 14) to base 16
d
Convert 0 (base 3) to base 6.
0
Convert -6 (base 12) to base 7.
-6
What is 5 (base 9) in base 13?
5
What is 3 (base 4) in base 3?
10
What is 2 (base 8) in base 16?
2
Convert 31 (base 4) to base 6.
21
100010 (base 2) to base 16
22
Convert -23 (base 8) to base 14.
-15
Convert 21 (base 3) to base 4.
13
What is 20 (base 4) in base 9?
8
0 (base 16) to base 3
0
Convert -6a (base 11) to base 13.
-5b
Convert -5 (base 13) to base 12.
-5
Convert -500 (base 6) to base 11.
-154
-15 (base 6) to base 15
-b
Convert 12 (base 12) to base 4.
32
Convert 331 (base 7) to base 3.
20021
What is -5 (base 15) in base 2?
-101
What is -42 (base 9) in base 5?
-123
Convert -10 (base 9) to base 12.
-9
1 (base 5) to base 11
1
-98 (base 13) to base 11
-104
-110101 (base 2) to base 14
-3b
What is 1 (base 7) in base 11?
1
What is 42 (base 6) in base 9?
28
30 (base 15) to base 7
63
-1100 (base 3) to base 2
-100100
Convert 3 (base 6) to base 5.
3
What is 10 (base 3) in base 10?
3
Convert -55 (base 16) to base 6.
-221
-103 (base 7) to base 16
-34
-e3 (base 15) to base 8
-325
-32 (base 4) to base 9
-15
Convert d (base 15) to base 6.
21
Convert 8 (base 9) to base 16.
8
What is -23 (base 16) in base 8?
-43
What is 3 (base 16) in base 4?
3
Convert -10 (base 4) to base 6.
-4
Convert -122 (base 3) to base 4.
-101
Convert -a (base 12) to base 3.
-101
Convert -211 (base 6) to base 15.
-54
12 (base 11) to base 12
11
Convert 23 (base 10) to base 15.
18
-302 (base 6) to base 15
-75
Convert 4 (base 16) to base 11.
4
45 (base 14) to base 11
56
Convert 2b (base 15) to base 13.
32
-1 (base 15) to base 2
-1
Convert 24 (base 11) to base 14.
1c
Convert 1 (base 16) to base 2.
1
46 (base 7) to base 4
202
-94 (base 15) to base 16
-8b
-14 (base 5) to base 8
-11
What is 61 (base 10) in base 12?
51
Convert 29 (base 11) to base 4.
133
-10122 (base 3) to base 14
-70
1000 (base 2) to base 11
8
Convert 0 (base 8) to base 9.
0
Convert 14 (base 15) to base 11.
18
What is -86 (base 9) in base 10?
-78
What is -22 (base 4) in base 10?
-10
Convert -13 (base 7) to base 5.
-20
Convert -44 (base 9) to base 16.
-28
-307 (base 11) to base 5
-2440
2 (base 12) to base 16
2
1 (base 16) to base 10
1
Convert -80 (base 10) to base 6.
-212
-121 (base 3) to base 5
-31
Convert -8 (base 12) to base 8.
-10
11 (base 13) to base 2
1110
Convert -15 (base 13) to base 15.
-13
What is 1110 (base 3) in base 15?
29
What is -2 (base 3) in base 15?
-2
What is 14 (base 7) in base 9?
12
What is -21 (base 3) in base 5?
-12
What is -e2 (base 16) in base 12?
-16a
-2 (base 4) to base 12
-2
What is 1001 (base 2) in base 7?
12
What is 34 (base 14) in base 16?
2e
Convert -1151 (base 6) to base 13.
-18a
2110 (base 3) to base 13
51
Convert 3 (base 7) to base 14.
3
Convert -111 (base 3) to base 2.
-1101
-143 (base 8) to base 7
-201
Convert -22 (base 11) to base 12.
-20
Convert -2 (base 8) to base 3.
-2
What is 1 (base 9) in base 13?
1
0 (base 6) to base 10
0
1133 (base 5) to base 6
440
0 (base 11) to base 7
0
Convert -4 (base 14) to base 8.
-4
113 (base 6) to base 14
33
Convert -1a (base 12) to base 16.
-16
-1001110 (base 2) to base 14
-58
Convert -34 (base 7) to base 6.
-41
What is -3 (base 12) in base 11?
-3
What is 10 (base 3) in base 5?
3
43 (base 8) to base 9
38
-4 (base 16) to base 9
-4
What is 2 (base 5) in base 3?
2
-3 (base 6) to base 16
-3
-21 (base 3) to base 2
-111
Convert -113 (base 11) to base 13.
-a5
What is 3 (base 5) in base 16?
3
63 (base 11) to base 5
234
Convert -1 (base 2) to base 3.
-1
What is -175 (base 9) in base 16?
-95
-1 (base 11) to base 6
-1
Convert 210 (base 12) to base 3.
102010
-3b (base 14) to base 10
-53
Convert 1 (base 15) to base 5.
1
What is -13 (base 10) in base 8?
-15
-20 (base 9) to base 15
-13
What is -5 (base 13) in base 10?
-5
What is 30 (base 6) in base 4?
102
11 (base 2) to base 9
3
Convert 11222 (base 3) to base 12.
b2
Convert 0 (base 10) to base 3.
0
Convert 42 (base 8) to base 12.
2a
-1 (base 3) to base 5
-1
10201 (base 3) to base 14
72
What is 130 (base 4) in base 14?
20
What is 31 (base 5) in base 16?
10
-2 (base 4) to base 8
-2
Convert -1000 (base 2) to base 12.
-8
-21 (base 6) to base 16
-d
What is -2 (base 8) in base 16?
-2
Convert -12 (base 7) to base 16.
-9
Convert -11 (base 10) to base 12.
-b
-10 (base 2) to base 15
-2
-1032 (base 5) to base 10
-142
What is 4 (base 5) in base 3?
11
-1 (base 15) to base 6
-1
0 (base 4) to base 13
0
What is -1 (base 12) in base 13?
-1
Convert 37 (base 10) to base 8.
45
What is -1001100 (base 2) in base 5?
-301
-23 (base 9) to base 5
-41
What is 15 